{"id":104,"date":"2022-07-25T12:30:56","date_gmt":"2022-07-25T12:30:56","guid":{"rendered":"https:\/\/elastic-morse.88-198-121-67.plesk.page\/?page_id=104"},"modified":"2022-10-14T08:24:19","modified_gmt":"2022-10-14T08:24:19","slug":"yoga","status":"publish","type":"page","link":"https:\/\/asv-adelheidsdorf.de\/index.php\/yoga\/","title":{"rendered":"Yoga"},"content":{"rendered":"\t\t<div data-elementor-type=\"wp-page\" data-elementor-id=\"104\" class=\"elementor elementor-104\">\n\t\t\t\t\t\t<section class=\"elementor-section elementor-top-section elementor-element elementor-element-58c1db70 elementor-section-height-min-height elementor-section-boxed elementor-section-height-default elementor-section-items-middle\" data-id=\"58c1db70\" data-element_type=\"section\" data-e-type=\"section\" data-settings=\"{&quot;background_background&quot;:&quot;classic&quot;}\">\n\t\t\t\t\t\t\t<div class=\"elementor-background-overlay\"><\/div>\n\t\t\t\t\t\t\t<div class=\"elementor-container elementor-column-gap-default\">\n\t\t\t\t\t<div class=\"elementor-column elementor-col-100 elementor-top-column elementor-element elementor-element-2e4cb232\" data-id=\"2e4cb232\" data-element_type=\"column\" data-e-type=\"column\">\n\t\t\t<div class=\"elementor-widget-wrap elementor-element-populated\">\n\t\t\t\t\t\t<div class=\"elementor-element elementor-element-27f67336 elementor-widget elementor-widget-heading\" data-id=\"27f67336\" data-element_type=\"widget\" data-e-type=\"widget\" data-widget_type=\"heading.default\">\n\t\t\t\t<div class=\"elementor-widget-container\">\n\t\t\t\t\t<h2 class=\"elementor-heading-title elementor-size-default\">Yoga<\/h2>\t\t\t\t<\/div>\n\t\t\t\t<\/div>\n\t\t\t\t<div class=\"elementor-element elementor-element-168f1f4 elementor-widget elementor-widget-heading\" data-id=\"168f1f4\" data-element_type=\"widget\" data-e-type=\"widget\" data-widget_type=\"heading.default\">\n\t\t\t\t<div class=\"elementor-widget-container\">\n\t\t\t\t\t<h3 class=\"elementor-heading-title elementor-size-default\">Kostenfreies Schnuppern in allen Sparten! Jederzeit!\u200b<\/h3>\t\t\t\t<\/div>\n\t\t\t\t<\/div>\n\t\t\t\t\t<\/div>\n\t\t<\/div>\n\t\t\t\t\t<\/div>\n\t\t<\/section>\n\t\t\t\t<section class=\"elementor-section elementor-top-section elementor-element elementor-element-228a616 elementor-section-boxed elementor-section-height-default elementor-section-height-default\" data-id=\"228a616\" data-element_type=\"section\" data-e-type=\"section\">\n\t\t\t\t\t\t<div class=\"elementor-container elementor-column-gap-default\">\n\t\t\t\t\t<div class=\"elementor-column elementor-col-100 elementor-top-column elementor-element elementor-element-6767e98\" data-id=\"6767e98\" data-element_type=\"column\" data-e-type=\"column\">\n\t\t\t<div class=\"elementor-widget-wrap elementor-element-populated\">\n\t\t\t\t\t\t<div class=\"elementor-element elementor-element-3677c0a0 elementor-widget elementor-widget-heading\" data-id=\"3677c0a0\" data-element_type=\"widget\" data-e-type=\"widget\" data-widget_type=\"heading.default\">\n\t\t\t\t<div class=\"elementor-widget-container\">\n\t\t\t\t\t<h2 class=\"elementor-heading-title elementor-size-default\">Yoga<\/h2>\t\t\t\t<\/div>\n\t\t\t\t<\/div>\n\t\t\t\t\t<\/div>\n\t\t<\/div>\n\t\t\t\t\t<\/div>\n\t\t<\/section>\n\t\t\t\t<section class=\"elementor-section elementor-top-section elementor-element elementor-element-5ec23c2d elementor-section-boxed elementor-section-height-default elementor-section-height-default\" data-id=\"5ec23c2d\" data-element_type=\"section\" data-e-type=\"section\">\n\t\t\t\t\t\t<div class=\"elementor-container elementor-column-gap-default\">\n\t\t\t\t\t<div class=\"elementor-column elementor-col-50 elementor-top-column elementor-element elementor-element-10afa3b8\" data-id=\"10afa3b8\" data-element_type=\"column\" data-e-type=\"column\">\n\t\t\t<div class=\"elementor-widget-wrap elementor-element-populated\">\n\t\t\t\t\t\t<div class=\"elementor-element elementor-element-461a81f5 elementor-widget elementor-widget-image\" data-id=\"461a81f5\" data-element_type=\"widget\" data-e-type=\"widget\" data-widget_type=\"image.default\">\n\t\t\t\t<div class=\"elementor-widget-container\">\n\t\t\t\t\t\t\t\t\t\t\t\t\t\t\t<img fetchpriority=\"high\" decoding=\"async\" width=\"1024\" height=\"682\" src=\"https:\/\/asv-adelheidsdorf.de\/wp-content\/uploads\/2022\/08\/yoga-g20c019d19_1920-1024x682.jpg\" class=\"attachment-large size-large wp-image-290\" alt=\"\" srcset=\"https:\/\/asv-adelheidsdorf.de\/wp-content\/uploads\/2022\/08\/yoga-g20c019d19_1920-1024x682.jpg 1024w, https:\/\/asv-adelheidsdorf.de\/wp-content\/uploads\/2022\/08\/yoga-g20c019d19_1920-300x200.jpg 300w, https:\/\/asv-adelheidsdorf.de\/wp-content\/uploads\/2022\/08\/yoga-g20c019d19_1920-768x512.jpg 768w, https:\/\/asv-adelheidsdorf.de\/wp-content\/uploads\/2022\/08\/yoga-g20c019d19_1920-1536x1023.jpg 1536w, https:\/\/asv-adelheidsdorf.de\/wp-content\/uploads\/2022\/08\/yoga-g20c019d19_1920.jpg 1920w\" sizes=\"(max-width: 1024px) 100vw, 1024px\" \/>\t\t\t\t\t\t\t\t\t\t\t\t\t\t\t<\/div>\n\t\t\t\t<\/div>\n\t\t\t\t\t<\/div>\n\t\t<\/div>\n\t\t\t\t<div class=\"elementor-column elementor-col-50 elementor-top-column elementor-element elementor-element-7eed11a2\" data-id=\"7eed11a2\" data-element_type=\"column\" data-e-type=\"column\">\n\t\t\t<div class=\"elementor-widget-wrap elementor-element-populated\">\n\t\t\t\t\t\t<div class=\"elementor-element elementor-element-4ec1a96c elementor-widget elementor-widget-text-editor\" data-id=\"4ec1a96c\" data-element_type=\"widget\" data-e-type=\"widget\" data-widget_type=\"text-editor.default\">\n\t\t\t\t<div class=\"elementor-widget-container\">\n\t\t\t\t\t\t\t\t\t<p><strong>Wo?\u00a0<\/strong>Begegnungsst\u00e4tte Adelheidsdorf Multifunktionsraum<br \/><strong>Wann?\u00a0<\/strong>donnerstags, 16:00 &#8211; 17:00 Uhr (1. Gruppe)<br \/>\u00a0 \u00a0 \u00a0 \u00a0 \u00a0 \u00a0 \u00a0 donnerstags, 17:30 &#8211; 18:30 Uhr (2. Gruppe)<br \/>\u00a0 \u00a0 \u00a0 \u00a0 \u00a0 \u00a0 \u00a0 donnerstags, 19:00 &#8211; 20:00 Uhr (3. Gruppe)<br \/><strong style=\"font-style: inherit; color: var( --e-global-color-text ); font-family: var( --e-global-typography-text-font-family ), Sans-serif; background-color: var(--ast-global-color-5);\">Wer: <\/strong><span style=\"font-style: inherit; color: var( --e-global-color-text ); font-family: var( --e-global-typography-text-font-family ), Sans-serif; background-color: var(--ast-global-color-5);\">ab 16 Jahre<br \/><\/span><strong style=\"font-style: inherit; color: var( --e-global-color-text ); font-family: var( --e-global-typography-text-font-family ), Sans-serif; background-color: var(--ast-global-color-5);\">Ansprechpartnerin: <\/strong><span style=\"background-color: var(--ast-global-color-5);\">Kerstin Vo\u00df (Yogalehrerin)<br \/><\/span><strong style=\"font-style: inherit; color: var( --e-global-color-text ); font-family: var( --e-global-typography-text-font-family ), Sans-serif; background-color: var(--ast-global-color-5);\">E-Mail:\u00a0<\/strong><span style=\"background-color: var(--ast-global-color-5);\">info@asv-adelheidsdorf.de<\/span><\/p>\t\t\t\t\t\t\t\t<\/div>\n\t\t\t\t<\/div>\n\t\t\t\t\t<\/div>\n\t\t<\/div>\n\t\t\t\t\t<\/div>\n\t\t<\/section>\n\t\t\t\t<section class=\"elementor-section elementor-top-section elementor-element elementor-element-2f642ab8 elementor-section-boxed elementor-section-height-default elementor-section-height-default\" data-id=\"2f642ab8\" data-element_type=\"section\" data-e-type=\"section\">\n\t\t\t\t\t\t<div class=\"elementor-container elementor-column-gap-default\">\n\t\t\t\t\t<div class=\"elementor-column elementor-col-100 elementor-top-column elementor-element elementor-element-1768e24e\" data-id=\"1768e24e\" data-element_type=\"column\" data-e-type=\"column\">\n\t\t\t<div class=\"elementor-widget-wrap elementor-element-populated\">\n\t\t\t\t\t\t<div class=\"elementor-element elementor-element-4f457fc3 elementor-widget elementor-widget-text-editor\" data-id=\"4f457fc3\" data-element_type=\"widget\" data-e-type=\"widget\" data-widget_type=\"text-editor.default\">\n\t\t\t\t<div class=\"elementor-widget-container\">\n\t\t\t\t\t\t\t\t\t<p>Yoga ist ein ganzheitlicher \u00dcbungsweg, der den Zustand unseres K\u00f6rpers, unserer Atmung und Achtsamkeit positiv beeinflussen und zu mehr Gesundheit, Ausgeglichenheit und Klarheit f\u00fchren kann. Das wesentliche Ziel von Yoga ist, durch eine bewusste Verbindung und Entwicklung der Bewegung, Atmung und Wahrnehmung unser Verst\u00e4ndnis von uns selbst zu verbessern und die innere Zufriedenheit zu st\u00e4rken.<\/p><p>Die verschiedenen Konzentrations- und Entspannungstechniken sowie ein regelm\u00e4\u00dfiges \u00dcben f\u00f6rdern die Beweglichkeit, Belastbarkeit und Leistungsf\u00e4higkeit und steigern das k\u00f6rperliche und mentale Wohlbefinden. Yoga kann helfen Stress besser abzubauen und die Selbstheilungskr\u00e4fte zu aktivieren, in dem wir Kraft und Lebensfreude erfahren und so den Alltag besser meistern k\u00f6nnen.Die Tradition nach der wir \u00fcben, richtet sich nach den Konventionen einer der gro\u00dfen, alten Yogatradtionen Indiens &#8211; namens Viniyoga. Sie entspricht den alten Lehren von Krishnamacharya, der als Yogalehrer und Ayurveda-Arzt das gesamte Yogaverst\u00e4ndnis des 20. Jahrhunderts in Indien und im Westen nachhaltig pr\u00e4gte. Es ist trotzdem eine moderne Art des Yogas und frei von religi\u00f6sen oder spirituellen Dogmen.<\/p><p>Viniyoga ist kein besonderer Yogastil, sondern eine gewisse Art Yoga\u00fcben individuell angepasst, kompetent und kreativ anzuleiten. Es versteht sich als ein offener Weg zu mehr Gesundheit und innerer Ruhe. Wir folgen dem Grundsatz, dass jeder Mensch ganz individuelle M\u00f6glichkeiten sowie k\u00f6rperliche Voraussetzungen mitbringt und daher jede Yoga-\u00dcbung an den Einzelnen anzupassen ist und nicht umgekehrt.<\/p><p>Im Viniyoga\u00a0 \u00a0spielen\u00a0 \u00a0akrobatische\u00a0 \u00a0Haltungen,\u00a0 \u00a0\u00fcberm\u00e4\u00dfige\u00a0 \u00a0Beweglichkeit\u00a0 \u00a0oder\u00a0 \u00a0perfekte K\u00f6rperbeherrschung\u00a0 keine\u00a0 Rolle.\u00a0 Als\u00a0 oberster\u00a0 Leitsatz\u00a0 steht\u00a0 die\u00a0 Gesundheit\u00a0 zu\u00a0 f\u00f6rdern, K\u00f6rperfunktionen zu harmonisieren und den K\u00f6rper beweglich zu halten. Im Mittelpunkt stehen daher\u00a0 \u00a0achtsame\u00a0 \u00a0K\u00f6rper-\u00a0 \u00a0und\u00a0 \u00a0entspannendene\u00a0 \u00a0Atem\u00fcbungen,\u00a0 \u00a0die\u00a0 \u00a0die\u00a0 \u00a0eigenen\u00a0 \u00a0Grenzen ber\u00fccksichtigen und individuelle F\u00e4higkeiten entsprechend aussch\u00f6pfen ohne zu \u00fcberfordern.Viniyoga spricht jeden \u00dcbenden als Mensch in seiner ganzen Vielfalt an. Es kann von jedem erlernt und ausgef\u00fchrt werden, der die Motivation und Zeit daf\u00fcr mitbringt.<br \/>Das erwartet Euch in unseren Yoga-Kursen:<br \/>\u2022 eine Gruppengr\u00f6\u00dfe von ca. 10 Teilnehmern und 60 Minuten Kursl\u00e4nge<br \/>\u2022 K\u00f6rper-, Atem und meditative \u00dcbungen im Stehen, Sitzen und Liegen<br \/>\u2022 Variantenreiche Anpassungen der \u00dcbungen, auch an die individuellen M\u00f6glichkeiten, so dass in einer \u00dcbungsstunde ganz unterschiedlichen Anforderungen an K\u00f6rper,\u00a0 Atem\u00a0 und\u00a0 Aufmerksamkeit miteinander verbunden werden mit dem Ziel einer besonderen, ganzheitlichen K\u00f6rpererfahrung<br \/>\u2022 Intelligenter Kursaufbau, in dem die K\u00f6rperhaltungen in aufbauenden \u00dcbungen vorbereitet und durch flie\u00dfende Bewegungen miteinander verbunden werden; dynamische Abl\u00e4ufe bereiten das Verweilen in den jeweiligen Positionen vor<br \/>\u2022 Eine harmonische Verbindung der K\u00f6rper\u00fcbungen mit dem Atemfluss und der achtsame Umgang mit einem bewusst gef\u00fchrten Atem; jeder \u00fcbt dabei in seinem eigenen Atemrhythmus<br \/>\u2022 Gesundes \u00dcben, bei dem extreme Dehnungen und einseitige Belastungen vermieden werden und stattdessen\u00a0 eine\u00a0 Qualit\u00e4t\u00a0 des\u00a0 \u00dcbens\u00a0 in\u00a0 Form\u00a0 von\u00a0 Stabilit\u00e4t,\u00a0 Leichtigkeit\u00a0 und\u00a0 zielgerichtete Aufmerksamkeit erreicht werden soll<\/p>\t\t\t\t\t\t\t\t<\/div>\n\t\t\t\t<\/div>\n\t\t\t\t\t<\/div>\n\t\t<\/div>\n\t\t\t\t\t<\/div>\n\t\t<\/section>\n\t\t\t\t<\/div>\n\t\t","protected":false},"excerpt":{"rendered":"<p>Yoga Kostenfreies Schnuppern in allen Sparten! Jederzeit!\u200b Yoga Wo?\u00a0Begegnungsst\u00e4tte Adelheidsdorf MultifunktionsraumWann?\u00a0donnerstags, 16:00 &#8211; 17:00 Uhr (1. Gruppe)\u00a0 \u00a0 \u00a0 \u00a0 \u00a0 \u00a0 \u00a0 donnerstags, 17:30 &#8211; 18:30 Uhr (2. Gruppe)\u00a0 \u00a0 \u00a0 \u00a0 \u00a0 \u00a0 \u00a0 donnerstags, 19:00 &#8211; 20:00 Uhr (3. Gruppe)Wer: ab 16 JahreAnsprechpartnerin: Kerstin Vo\u00df (Yogalehrerin)E-Mail:\u00a0info@asv-adelheidsdorf.de Yoga ist ein ganzheitlicher \u00dcbungsweg, der &hellip;<\/p>\n<p class=\"read-more\"> <a class=\"\" href=\"https:\/\/asv-adelheidsdorf.de\/index.php\/yoga\/\"> <span class=\"screen-reader-text\">Yoga<\/span> Weiterlesen &raquo;<\/a><\/p>\n","protected":false},"author":1,"featured_media":0,"parent":0,"menu_order":0,"comment_status":"closed","ping_status":"closed","template":"","meta":{"site-sidebar-layout":"no-sidebar","site-content-layout":"page-builder","ast-site-content-layout":"","site-content-style":"default","site-sidebar-style":"default","ast-global-header-display":"","ast-banner-title-visibility":"","ast-main-header-display":"","ast-hfb-above-header-display":"","ast-hfb-below-header-display":"","ast-hfb-mobile-header-display":"","site-post-title":"disabled","ast-breadcrumbs-content":"","ast-featured-img":"disabled","footer-sml-layout":"","theme-transparent-header-meta":"","adv-header-id-meta":"","stick-header-meta":"","header-above-stick-meta":"","header-main-stick-meta":"","header-below-stick-meta":"","astra-migrate-meta-layouts":"","footnotes":""},"class_list":["post-104","page","type-page","status-publish","hentry"],"_links":{"self":[{"href":"https:\/\/asv-adelheidsdorf.de\/index.php\/wp-json\/wp\/v2\/pages\/104","targetHints":{"allow":["GET"]}}],"collection":[{"href":"https:\/\/asv-adelheidsdorf.de\/index.php\/wp-json\/wp\/v2\/pages"}],"about":[{"href":"https:\/\/asv-adelheidsdorf.de\/index.php\/wp-json\/wp\/v2\/types\/page"}],"author":[{"embeddable":true,"href":"https:\/\/asv-adelheidsdorf.de\/index.php\/wp-json\/wp\/v2\/users\/1"}],"replies":[{"embeddable":true,"href":"https:\/\/asv-adelheidsdorf.de\/index.php\/wp-json\/wp\/v2\/comments?post=104"}],"version-history":[{"count":10,"href":"https:\/\/asv-adelheidsdorf.de\/index.php\/wp-json\/wp\/v2\/pages\/104\/revisions"}],"predecessor-version":[{"id":1691,"href":"https:\/\/asv-adelheidsdorf.de\/index.php\/wp-json\/wp\/v2\/pages\/104\/revisions\/1691"}],"wp:attachment":[{"href":"https:\/\/asv-adelheidsdorf.de\/index.php\/wp-json\/wp\/v2\/media?parent=104"}],"curies":[{"name":"wp","href":"https:\/\/api.w.org\/{rel}","templated":true}]}}