{"id":163,"date":"2022-07-25T13:15:18","date_gmt":"2022-07-25T13:15:18","guid":{"rendered":"https:\/\/elastic-morse.88-198-121-67.plesk.page\/?page_id=163"},"modified":"2022-08-29T13:06:48","modified_gmt":"2022-08-29T13:06:48","slug":"historie","status":"publish","type":"page","link":"https:\/\/asv-adelheidsdorf.de\/index.php\/historie\/","title":{"rendered":"Tennis Historie"},"content":{"rendered":"\t\t<div data-elementor-type=\"wp-page\" data-elementor-id=\"163\" class=\"elementor elementor-163\">\n\t\t\t\t\t\t<section class=\"elementor-section elementor-top-section elementor-element elementor-element-36999064 elementor-section-height-min-height elementor-section-boxed elementor-section-height-default elementor-section-items-middle\" data-id=\"36999064\" data-element_type=\"section\" data-e-type=\"section\" data-settings=\"{&quot;background_background&quot;:&quot;classic&quot;}\">\n\t\t\t\t\t\t\t<div class=\"elementor-background-overlay\"><\/div>\n\t\t\t\t\t\t\t<div class=\"elementor-container elementor-column-gap-default\">\n\t\t\t\t\t<div class=\"elementor-column elementor-col-100 elementor-top-column elementor-element elementor-element-1c8f8c05\" data-id=\"1c8f8c05\" data-element_type=\"column\" data-e-type=\"column\">\n\t\t\t<div class=\"elementor-widget-wrap elementor-element-populated\">\n\t\t\t\t\t\t<div class=\"elementor-element elementor-element-715a9e0f elementor-widget elementor-widget-heading\" data-id=\"715a9e0f\" data-element_type=\"widget\" data-e-type=\"widget\" data-widget_type=\"heading.default\">\n\t\t\t\t<div class=\"elementor-widget-container\">\n\t\t\t\t\t<h2 class=\"elementor-heading-title elementor-size-default\">Historie<\/h2>\t\t\t\t<\/div>\n\t\t\t\t<\/div>\n\t\t\t\t\t<\/div>\n\t\t<\/div>\n\t\t\t\t\t<\/div>\n\t\t<\/section>\n\t\t\t\t<section class=\"elementor-section elementor-top-section elementor-element elementor-element-28b6ba9e elementor-section-boxed elementor-section-height-default elementor-section-height-default\" data-id=\"28b6ba9e\" data-element_type=\"section\" data-e-type=\"section\">\n\t\t\t\t\t\t<div class=\"elementor-container elementor-column-gap-default\">\n\t\t\t\t\t<div class=\"elementor-column elementor-col-100 elementor-top-column elementor-element elementor-element-4c163a05\" data-id=\"4c163a05\" data-element_type=\"column\" data-e-type=\"column\">\n\t\t\t<div class=\"elementor-widget-wrap elementor-element-populated\">\n\t\t\t\t\t\t<div class=\"elementor-element elementor-element-7514756c elementor-widget elementor-widget-heading\" data-id=\"7514756c\" data-element_type=\"widget\" data-e-type=\"widget\" data-widget_type=\"heading.default\">\n\t\t\t\t<div class=\"elementor-widget-container\">\n\t\t\t\t\t<h2 class=\"elementor-heading-title elementor-size-default\">Die Geschichte des ASV Adelheidsdorf Tennis<\/h2>\t\t\t\t<\/div>\n\t\t\t\t<\/div>\n\t\t\t\t<div class=\"elementor-element elementor-element-3c8023b elementor-widget elementor-widget-text-editor\" data-id=\"3c8023b\" data-element_type=\"widget\" data-e-type=\"widget\" data-widget_type=\"text-editor.default\">\n\t\t\t\t<div class=\"elementor-widget-container\">\n\t\t\t\t\t\t\t\t\t<p>Am 12. April 1979 wird von ca. 70 Interessierten die Tennis Abteilung des ASV Adelheidsdorf gegr\u00fcndet. Bereits am 22. September 1979 k\u00f6nnen die ersten beiden Pl\u00e4tze eingeweiht werden. Schon im Folgejahr k\u00f6nnen 140 Mitglieder verzeichnet werden. Im Juli 1986 wird der dritte Tennisplatz und schlie\u00dflich im Fr\u00fchjahr 1991 der vierte Tennisplatz seiner Bestimmung \u00fcbergeben.<\/p><p><b>Vorgeschichte:<br \/><\/b>Im Jahre 1978 sprechen die beiden Sportvereine in der Gemeinde Adelheidsdorf, der ASV Adelheidsdorf und der SV Gro\u00dfmoor, Interessenten und Freunde am Tennissport an und sammeln Unterschriften, mit denen diese Ihr Interesse an dieser Freizeitbet\u00e4tigung bekunden. Diese Aktion findet eine so gro\u00dfe Resonanz, da\u00df die Samtgemeinde Wathlingen sich veranlasst sieht, auch der Gemeinde Adelheidsdorf, wie bereits in den Jahren zuvor, den Gemeinden Nienhagen und Wathlingen, Haushaltsmittel zur Erstellung von Tennispl\u00e4tzen zuzuweisen. Damit der Bau der Pl\u00e4tze auch verwirklicht werden kann, muss eine Tennisvereinigung gegr\u00fcndet werden.<\/p><p><b>Gr\u00fcndung der Tennissparte:<br \/><\/b><span style=\"font-style: inherit; font-weight: inherit; color: var( --e-global-color-text ); font-family: var( --e-global-typography-text-font-family ), Sans-serif; background-color: var(--ast-global-color-5);\">Am 12. April 1979 findet in der Mehrzweckhalle Adelheidsdorf die Gr\u00fcndungsversammlung statt. Es wird kein eigener Verein, sondern eine Tennissparte ins Leben gerufen, getragen von den beiden Sportvereinen ASV Adelheidsdorf und SV Gro\u00dfmoor, um sie durch neue Mitglieder zu st\u00e4rken. Etwa 70 der anwesenden Sportinteressierten erkl\u00e4ren spontan ihren Beitritt zur Tennissparte. Damit die neue Sparte sofort handlungsf\u00e4hig wird, w\u00e4hlen die Gr\u00fcndungsmitglieder ihren Vorstand:<\/span><\/p><p><span style=\"font-style: inherit; font-weight: inherit; color: var( --e-global-color-text ); font-family: var( --e-global-typography-text-font-family ), Sans-serif; background-color: var(--ast-global-color-5);\">Gustav Holle zum ersten Vorsitzenden, Gerd Jobski zum stellvertretenden Vorsitzenden, zum Kassenwart Horst Lampe und Renate Goers, Wilfried Burghard zum Schriftwart.<\/span><\/p><p><span style=\"font-style: inherit; font-weight: inherit; color: var( --e-global-color-text ); font-family: var( --e-global-typography-text-font-family ), Sans-serif; background-color: var(--ast-global-color-5);\">Der neue Vorstand nimmt sofort seine Arbeit auf. Er begleitet den Neubau der zwei Tennispl\u00e4tze, erarbeitet die Satzung und die Spiel- und Platzordnung. Beide Regelwerke werden auf der ersten Spartenversammlung am 7. September 1979 angenommen. Der Vorstand wird um den Sportwart Detlef Duwe und den Jugendwart J\u00fcrgen M\u00fchlstein erweitert.<\/span><\/p><p><span style=\"font-style: inherit; color: var( --e-global-color-text ); font-family: var( --e-global-typography-text-font-family ), Sans-serif; background-color: var(--ast-global-color-5);\"><b>Er\u00f6ffnung der Tennispl\u00e4tze:<br \/><\/b><\/span><span style=\"font-style: inherit; font-weight: inherit; color: var( --e-global-color-text ); font-family: var( --e-global-typography-text-font-family ), Sans-serif; background-color: var(--ast-global-color-5);\">Am 22. September werden die Tennispl\u00e4tze in einer kleinen Feierstunde von der Gemeinde Adelheidsdorf, vertreten durch den Gemeindedirektor Zingel und B\u00fcrgermeister Seidel, dem ASV Adelheidsdorf offiziell \u00fcbergeben. Am Abend wird diese Premiere mit dem \u201eBall des ersten Aufschlags\u201c gefeiert.<\/span><\/p><p><b><span style=\"font-style: inherit; color: var( --e-global-color-text ); font-family: var( --e-global-typography-text-font-family ), Sans-serif; background-color: var(--ast-global-color-5);\">Weitere <\/span><span style=\"font-style: inherit; color: var( --e-global-color-text ); font-family: var( --e-global-typography-text-font-family ), Sans-serif; background-color: var(--ast-global-color-5);\">Entwicklung<\/span><span style=\"font-style: inherit; color: var( --e-global-color-text ); font-family: var( --e-global-typography-text-font-family ), Sans-serif; background-color: var(--ast-global-color-5);\">:<br \/><\/span><\/b><span style=\"font-style: inherit; font-weight: inherit; color: var( --e-global-color-text ); font-family: var( --e-global-typography-text-font-family ), Sans-serif; background-color: var(--ast-global-color-5);\">Auf der Jahreshauptversammlung am 14. M\u00e4rz 1980 z\u00e4hlt die Sparte bereits \u00fcber 140 Mitglieder. Reinhold Zanoth wird nach dem R\u00fccktritt von Gerd Jobski zum stellvertretenden Vorsitzenden gew\u00e4hlt. Als Tennistrainer kann Dieter Busch gewonnen werden. Eine Tennismannschaft wird gegr\u00fcndet, die auf Anhieb den Aufstieg schafft. Mit gro\u00dfem Erfolg setzen sich die allj\u00e4hrlich im Sp\u00e4tsommer stattfindenden Spartenmeisterschaften durch<\/span><\/p><p><span style=\"font-style: inherit; font-weight: inherit; color: var( --e-global-color-text ); font-family: var( --e-global-typography-text-font-family ), Sans-serif; background-color: var(--ast-global-color-5);\">Am 9. Mai 1981 richtet die Tennissparte eine Jugendabteilung ein. Als zus\u00e4tzlichen Tennisplatz kann der Handhall-Hartplatz genutzt werden.<\/span><\/p><p><span style=\"font-style: inherit; font-weight: inherit; color: var( --e-global-color-text ); font-family: var( --e-global-typography-text-font-family ), Sans-serif; background-color: var(--ast-global-color-5);\">Die Spartenversammlung w\u00e4hlt am 18. M\u00e4rz 1982 nach dem R\u00fccktritt von Reinhold Zanoth, Rolfingo Karpenstein zum 2. Vorsitzenden.<\/span><\/p><p><span style=\"font-style: inherit; font-weight: inherit; color: var( --e-global-color-text ); font-family: var( --e-global-typography-text-font-family ), Sans-serif; background-color: var(--ast-global-color-5);\">Anfang 1983 geh\u00f6ren der Tennissparte 182 Mitglieder; davon 48 Jugendliche, an. Herr Sychla sen. kann als Platzwart gewonnen werden.<\/span><\/p><p><span style=\"font-style: inherit; font-weight: inherit; color: var( --e-global-color-text ); font-family: var( --e-global-typography-text-font-family ), Sans-serif; background-color: var(--ast-global-color-5);\">In den Jahren 1983 und 1984 \u00fcbernimmt \u00dcbungsleiter Dieter Schur aus Celle das Tennistraining. F\u00fcr die Mannschaften der Tennissparte wird 1983 das erfolgreichste Jahr: die 1. Mannschaft schafft den Aufstieg in die 1. Kreisklasse und die 2. Mannschaft in die 2. Kreisklasse.<\/span><\/p><p><span style=\"font-style: inherit; font-weight: inherit; color: var( --e-global-color-text ); font-family: var( --e-global-typography-text-font-family ), Sans-serif; background-color: var(--ast-global-color-5);\">Nach dem R\u00fccktritt von Rolf-Ingo Karpenstein, Detlef Duwe und J\u00fcrgen M\u00fchlstein werden auf der Hauptversammlung am 16. M\u00e4rz 1984 Willi Wanke zum 2. Vorsitzenden, Hans-Heinrich Sychla zum Sportwart und Thomas Schwarz zum Jugendwart gew\u00e4hlt.<\/span><\/p><p><span style=\"font-style: inherit; font-weight: inherit; color: var( --e-global-color-text ); font-family: var( --e-global-typography-text-font-family ), Sans-serif; background-color: var(--ast-global-color-5);\">Zur Unterbringung der Sportger\u00e4te baut die Sparte einen Ger\u00e4teraum. Die Jugendarbeit ist durch die \u00dcbernahme von Patenschaften durch die Spartenmitglieder so erfolgreich, da\u00df Jugendmannschaften gebildet werden k\u00f6nnen.<\/span><\/p><p><span style=\"font-style: inherit; font-weight: inherit; color: var( --e-global-color-text ); font-family: var( --e-global-typography-text-font-family ), Sans-serif; background-color: var(--ast-global-color-5);\">Am 16. M\u00e4rz 1984 beauftragt die Spartenversammlung den Vorstand mit dem Bau des 3. Tennisplatzes.<\/span><\/p><p><span style=\"font-style: inherit; font-weight: inherit; color: var( --e-global-color-text ); font-family: var( --e-global-typography-text-font-family ), Sans-serif; background-color: var(--ast-global-color-5);\">Die Aufgabe als Jugendwartin \u00fcbernimmt 1985 Ingelore Ge\u00dfner.<\/span><\/p><p><span style=\"font-style: inherit; font-weight: inherit; color: var( --e-global-color-text ); font-family: var( --e-global-typography-text-font-family ), Sans-serif; background-color: var(--ast-global-color-5);\">Spartenmitglied Rolf-Ingo Karpenstein beginnt nach Absolvierung von \u00dcbungsleiter-Lehrg\u00e4ngen 1985 mit dem Training.<\/span><\/p><p><span style=\"font-style: inherit; font-weight: inherit; color: var( --e-global-color-text ); font-family: var( --e-global-typography-text-font-family ), Sans-serif; background-color: var(--ast-global-color-5);\">Im Fr\u00fchjahr 1986 wird mit den Bauarbeiten des 3. Tennisplatzes begonnen, der am 5. Juli 1986 in einer kleinen Feierstunde eingeweiht werden kann. Auch ein Aufenthaltsraum in einem Trakt der Grundschule wird fertiggestellt.<\/span><\/p><p><span style=\"font-style: inherit; font-weight: inherit; color: var( --e-global-color-text ); font-family: var( --e-global-typography-text-font-family ), Sans-serif; background-color: var(--ast-global-color-5);\">Die Herren- und Damenmannschaften der Tennissparte spielen 1986 auf Bezirksebene und schneiden sehr erfolgreich ab.<\/span><\/p><p><span style=\"font-style: inherit; font-weight: inherit; color: var( --e-global-color-text ); font-family: var( --e-global-typography-text-font-family ), Sans-serif; background-color: var(--ast-global-color-5);\">Eine Seniorenmannschaft wird 1987 gegr\u00fcndet.<\/span><\/p><p><span style=\"font-style: inherit; font-weight: inherit; color: var( --e-global-color-text ); font-family: var( --e-global-typography-text-font-family ), Sans-serif; background-color: var(--ast-global-color-5);\">Bei den Neuwahlen des Vorstandes am 11. M\u00e4rz 1988 \u00fcbernimmt J\u00f6rg Matthaei die Aufgabe des Schriftwartes. Die Sparte z\u00e4hlt inzwischen \u00fcber 200 Mitglieder.<\/span><\/p><p><span style=\"font-style: inherit; color: var( --e-global-color-text ); font-family: var( --e-global-typography-text-font-family ), Sans-serif; background-color: var(--ast-global-color-5);\"><b>Ein R\u00fcckblick:<\/b><\/span><span style=\"font-style: inherit; font-weight: inherit; color: var( --e-global-color-text ); font-family: var( --e-global-typography-text-font-family ), Sans-serif; background-color: var(--ast-global-color-5);\">\u00a0<br \/><\/span><span style=\"background-color: var(--ast-global-color-5); color: var( --e-global-color-text ); font-family: var( --e-global-typography-text-font-family ), Sans-serif; font-style: inherit; font-weight: inherit;\">Eine erfreuliche und gute Entwicklung hat die Tennissparte in den zur\u00fcckliegenden Jahren durchlaufen. Ein stetiger Anstieg der Mitgliederzahl, besonders im Jugendbereich, ist zu verzeichnen. Zun\u00e4chst sei noch einmal an die H\u00f6hepunkte der letzten Jahre erinnert: Am 10. September 1989 konnte die Tennis-Abteilung ihr zehnj\u00e4hriges Jubil\u00e4um feiern. Mit vielen Mitgliedern und G\u00e4sten, musikalisch begleitet vom Feuerwehr-Musikzug und der Savannah-Jazzband wurde es ein fr\u00f6hliches Fest in famili\u00e4rer Atmosph\u00e4re. 1991 konnte dann p\u00fcnktlich zum Saisonbeginn die Einweihung des 4. Tennisplatzes gefeiert werden.<\/span><\/p><p><span style=\"background-color: var(--ast-global-color-5); color: var( --e-global-color-text ); font-family: var( --e-global-typography-text-font-family ), Sans-serif; font-style: inherit; font-weight: inherit;\">Allein im Jubil\u00e4umsjahr 1989 konnten 30 neue Mitglieder aufgenommen werden, davon 25 im Alter von 7-10 Jahren. Hier trugen die 1988 vom Abteilungsvorstand beschlossenen verst\u00e4rkten Aktivit\u00e4ten zur F\u00f6rderung von Nachwuchs und Breitensport ihre ersten Fr\u00fcchte. Ebenfalls 1989 nahm die neue Trainerin Heike Andree ihre T\u00e4tigkeit auf, ein echter Gewinn f\u00fcr die Tennis-Abteilung. Aber es wurde langsam eng auf den Pl\u00e4tzen. Noch 1989 wurde bei der Gemeinde ein Antrag auf Umbau des Kunststoff-Hartplatzes zu einem Tennisplatz gestellt, \u00fcber den positiv entschieden wurde. Die Erweiterung der Tennisanlage wurde durch den verst\u00e4rkten Punktspiel- und Trainingsbetrieb dringend erforderlich. Im Fr\u00fchjahr 1991 war es dann soweit: Der 4. Tennisplatz war fertig! Neben der Herstellung durch eine Fachfirma leisteten Vorstand und Mitglieder 341 Arbeitsstunden zur Herstellung des Platzes und Versch\u00f6nerung der Anlage.<\/span><\/p><p><span style=\"background-color: var(--ast-global-color-5); color: var( --e-global-color-text ); font-family: var( --e-global-typography-text-font-family ), Sans-serif; font-style: inherit; font-weight: inherit;\">1991 wurde der Zaun um die Pl\u00e4tze 1 und 2 erneuert, so da\u00df die Gesamtanlage jetzt einen geschlossenen und harmonischen Eindruck vermittelt. Auch in Zukunft wird die Versch\u00f6nerung der Anlage ein Anliegen des Abteilungsvorstands bleiben.<\/span><\/p><p><span style=\"background-color: var(--ast-global-color-5); color: var( --e-global-color-text ); font-family: var( --e-global-typography-text-font-family ), Sans-serif; font-style: inherit; font-weight: inherit;\">Aber auch im sportlichen Bereich hat sich so einiges getan. Waren 1988 lediglich drei Erwachsenen-Mannschaften an der Punktspielrunde beteiligt, so waren es 1993 schon sechs. Ganz besonders erfolgreich war die Damen-Mannschaft, die den Aufstieg in die Bezirksliga schaffte.<\/span><\/p><p><span style=\"background-color: var(--ast-global-color-5); color: var( --e-global-color-text ); font-family: var( --e-global-typography-text-font-family ), Sans-serif; font-style: inherit; font-weight: inherit;\">Das Konzept, eine Kreis-Mixed-Mannschaft aufzustellen, die neue Spieler an die Punktspiele heranf\u00fchrt und als Reservoir f\u00fcr die anderen Mannschaften dient, hat sich positiv ausgewirkt. Die Tennisabteilung des ASV hat zur Zeit ca. 230 Mitglieder. F\u00fcr die Punktspielrunde 1994 sind sieben Erwachsenen-Mannschaften und eine Jugend-Mannschaft gemeldet, eine erfreuliche Anzahl. Die Tennisanlage ist somit durch Punktspiele und Training gut ausgelastet. Viele Jugendliche und Kinder nehmen am Sommer- und Wintertraining teil, so da\u00df zu erwarten ist, da\u00df auch sie bald an den Punktspielbetrieb herangef\u00fchrt werden k\u00f6nnen. Aber auch der Breitensport wird nicht zu kurz kommen. Die in den Vorjahren getroffene Platzbelegungsregelung hat sich bew\u00e4hrt, so da\u00df jedes Mitglied ausreichend Spielm\u00f6glichkeiten hat. Es ist zu hoffen, da\u00df die positive Entwicklung der Tennisabteilung auch k\u00fcnftig weitergeht und sich gen\u00fcgend Mitglieder finden, die diese Entwicklung mittragen.<\/span><\/p><p><span style=\"background-color: var(--ast-global-color-5); color: var( --e-global-color-text ); font-family: var( --e-global-typography-text-font-family ), Sans-serif; font-style: inherit; font-weight: inherit;\">Die ganze ,,ASV Tennis-Familie&#8220; bedankt sich an dieser Stelle noch einmal bei allen Vorstandsmitgliedern und ehrenamtlich t\u00e4tigen, insbesondere dem Spartenleiter Gustav Holle f\u00fcr die in der Vergangenheit geleistete hervorragende Arbeit. Ohne sie w\u00e4re die Sparte nicht das, was sie heute ist.<\/span><\/p><p><span style=\"background-color: var(--ast-global-color-5); color: var( --e-global-color-text ); font-family: var( --e-global-typography-text-font-family ), Sans-serif; font-style: inherit; font-weight: inherit;\">[Text: Festschrift und Chronik, 25 Jahre ASV Adelheidsdorf von 1969 e. V. ]<\/span><\/p>\t\t\t\t\t\t\t\t<\/div>\n\t\t\t\t<\/div>\n\t\t\t\t\t<\/div>\n\t\t<\/div>\n\t\t\t\t\t<\/div>\n\t\t<\/section>\n\t\t\t\t<\/div>\n\t\t","protected":false},"excerpt":{"rendered":"<p>Historie Die Geschichte des ASV Adelheidsdorf Tennis Am 12. April 1979 wird von ca. 70 Interessierten die Tennis Abteilung des ASV Adelheidsdorf gegr\u00fcndet. Bereits am 22. September 1979 k\u00f6nnen die ersten beiden Pl\u00e4tze eingeweiht werden. Schon im Folgejahr k\u00f6nnen 140 Mitglieder verzeichnet werden. Im Juli 1986 wird der dritte Tennisplatz und schlie\u00dflich im Fr\u00fchjahr 1991 &hellip;<\/p>\n<p class=\"read-more\"> <a class=\"\" href=\"https:\/\/asv-adelheidsdorf.de\/index.php\/historie\/\"> <span class=\"screen-reader-text\">Tennis Historie<\/span> Weiterlesen &raquo;<\/a><\/p>\n","protected":false},"author":1,"featured_media":0,"parent":0,"menu_order":0,"comment_status":"closed","ping_status":"closed","template":"","meta":{"site-sidebar-layout":"no-sidebar","site-content-layout":"page-builder","ast-site-content-layout":"","site-content-style":"default","site-sidebar-style":"default","ast-global-header-display":"","ast-banner-title-visibility":"","ast-main-header-display":"","ast-hfb-above-header-display":"","ast-hfb-below-header-display":"","ast-hfb-mobile-header-display":"","site-post-title":"disabled","ast-breadcrumbs-content":"","ast-featured-img":"disabled","footer-sml-layout":"","theme-transparent-header-meta":"","adv-header-id-meta":"","stick-header-meta":"","header-above-stick-meta":"","header-main-stick-meta":"","header-below-stick-meta":"","astra-migrate-meta-layouts":"","footnotes":""},"class_list":["post-163","page","type-page","status-publish","hentry"],"_links":{"self":[{"href":"https:\/\/asv-adelheidsdorf.de\/index.php\/wp-json\/wp\/v2\/pages\/163","targetHints":{"allow":["GET"]}}],"collection":[{"href":"https:\/\/asv-adelheidsdorf.de\/index.php\/wp-json\/wp\/v2\/pages"}],"about":[{"href":"https:\/\/asv-adelheidsdorf.de\/index.php\/wp-json\/wp\/v2\/types\/page"}],"author":[{"embeddable":true,"href":"https:\/\/asv-adelheidsdorf.de\/index.php\/wp-json\/wp\/v2\/users\/1"}],"replies":[{"embeddable":true,"href":"https:\/\/asv-adelheidsdorf.de\/index.php\/wp-json\/wp\/v2\/comments?post=163"}],"version-history":[{"count":14,"href":"https:\/\/asv-adelheidsdorf.de\/index.php\/wp-json\/wp\/v2\/pages\/163\/revisions"}],"predecessor-version":[{"id":685,"href":"https:\/\/asv-adelheidsdorf.de\/index.php\/wp-json\/wp\/v2\/pages\/163\/revisions\/685"}],"wp:attachment":[{"href":"https:\/\/asv-adelheidsdorf.de\/index.php\/wp-json\/wp\/v2\/media?parent=163"}],"curies":[{"name":"wp","href":"https:\/\/api.w.org\/{rel}","templated":true}]}}